hat is 5 - 2123?
-2115
In base 4, what is 22200 + -103?
22031
In base 12, what is -64 + -36?
-9a
In base 2, what is 100010 + -100?
11110
In base 13, what is 37 - 23?
14
In base 11, what is 27 + 2?
29
In base 11, what is 0 - -84a?
84a
In base 13, what is 11 - -36?
47
In base 8, what is 5 - -125?
132
In base 16, what is ccb - 3?
cc8
In base 6, what is -1130 + -2?
-1132
In base 11, what is -5 + -4014?
-4019
In base 10, what is 2771 - -2?
2773
In base 11, what is -86 - -7?
-7a
In base 5, what is -3 - -301?
243
In base 2, what is 1000000010110 + 1?
1000000010111
In base 11, what is -31 - 11?
-42
In base 9, what is -71 - -56?
-14
In base 16, what is 3 + -31b?
-318
In base 14, what is -12 - -6c?
5a
In base 4, what is -20130 + 0?
-20130
In base 6, what is 303 - -1?
304
In base 15, what is 0 + 13ba?
13ba
In base 15, what is -4 - -2e?
2a
In base 2, what is -100 - 10110100?
-10111000
In base 9, what is -8444 - -2?
-8442
In base 14, what is -3 + -22?
-25
In base 16, what is 0 - 192?
-192
In base 15, what is 24 + -15?
e
In base 11, what is -1009 - -4?
-1005
In base 13, what is 5 + 60?
65
In base 9, what is -136 - -323?
176
In base 13, what is 4 - 23?
-1c
In base 12, what is 30b - -4?
313
In base 15, what is 9 - -c7?
d1
In base 13, what is 574 - -2?
576
In base 9, what is 202 + 6?
208
In base 10, what is -21 + 359?
338
In base 9, what is -42 - 3?
-45
In base 5, what is 1 - -434?
440
In base 3, what is 1201 + 22?
2000
In base 11, what is 1 - 6a?
-69
In base 7, what is 236 + 1?
240
In base 10, what is -3002 + -4?
-3006
In base 7, what is 44 - -334?
411
In base 12, what is 412 + -2?
410
In base 13, what is -1 + 368?
367
In base 6, what is -210 + 2?
-204
In base 3, what is -2 - -11222?
11220
In base 8, what is -626 - -5?
-621
In base 4, what is -1021 + 2?
-1013
In base 6, what is -22 + -122?
-144
In base 8, what is -4 - 27?
-33
In base 10, what is 10 + 41?
51
In base 13, what is 15c + 3?
162
In base 16, what is 4 - -159?
15d
In base 6, what is 0 + 23155?
23155
In base 12, what is -1 + -27?
-28
In base 6, what is -4 + -250?
-254
In base 10, what is 59 + 3?
62
In base 2, what is 1010110 - -100?
1011010
In base 13, what is -396 + -3?
-399
In base 3, what is -1022102 + -2?
-1022111
In base 3, what is -12 + 10010?
2221
In base 4, what is 10 + 22?
32
In base 3, what is 12022 - 10?
12012
In base 12, what is 75 - 17?
5a
In base 8, what is -5 - 23?
-30
In base 13, what is a4c + -2?
a4a
In base 5, what is -23 + -2022?
-2100
In base 7, what is -122 - -45?
-44
In base 11, what is 3a - -83?
112
In base 3, what is -110120 - 0?
-110120
In base 14, what is 4c6 + -1?
4c5
In base 14, what is -47 - -d4?
8b
In base 11, what is 7 - -32?
39
In base 9, what is 2 + 132?
134
In base 13, what is -11 + -442?
-453
In base 10, what is 1259 + -13?
1246
In base 5, what is 13023 + -4?
13014
In base 4, what is 3 + 313?
322
In base 16, what is 21a + 4?
21e
In base 10, what is -6846 + -4?
-6850
In base 8, what is -2 - 63?
-65
In base 2, what is 1100 - 101000?
-11100
In base 3, what is -121 + -12?
-210
In base 9, what is 2 - 211?
-208
In base 2, what is 11 + 11111011110?
11111100001
In base 9, what is -64 + 2?
-62
In base 10, what is -2232 + -2?
-2234
In base 15, what is 5 + c9?
ce
In base 16, what is -776 + 2?
-774
In base 6, what is -2 + -25?
-31
In base 8, what is -1 - -1347?
1346
In base 10, what is -2320 - -4?
-2316
In base 3, what is 11 + -21?
-10
In base 13, what is 6a0 + -1?
69c
In base 14, what is 0 - 15a?
-15a
In base 4, what is -10 + -1333?
-2003
In base 15, what is -29d + -1?
-29e
In base 12, what is -1181 - 4?
-1185
In base 7, what is 0 + 104?
104
In base 10, what is -379 + 3?
-376
In base 13, what is -6a - 2?
-6c
In base 2, what is 1000000110 + 1?
1000000111
In base 3, what is 122 - 101020?
-100121
In base 14, what is 2 + c?
10
In base 9, what is -10 - 121?
-131
In base 12, what is -4 + -3?
-7
In base 12, what is -15 + b0?
97
In base 15, what is 35 + 14?
49
In base 8, what is 10 + -33?
-23
In base 11, what is -54 - -5?
-4a
In base 4, what is 201 - 20?
121
In base 7, what is 1 - 5202?
-5201
In base 11, what is -21 + 23a?
219
In base 13, what is 82 + -6?
79
In base 3, what is -112221 + -10?
-120001
In base 3, what is 20012 + 1?
20020
In base 3, what is -10 + -1020010?
-1020020
In base 2, what is 1110 - -10001110?
10011100
In base 7, what is -2 + 451?
446
In base 4, what is 10 + -233?
-223
In base 8, what is 2 - 332?
-330
In base 9, what is 101 + -5?
85
In base 4, what is -232 + 220?
-12
In base 7, what is 44 - 2?
42
In base 14, what is 1 + -37?
-36
In base 5, what is 20 + 44?
114
In base 16, what is -17a + -9?
-183
In base 11, what is -1a9 - -4?
-1a5
In base 16, what is -2 + 215?
213
In base 4, what is -20 - -12221?
12201
In base 10, what is 15760 - 3?
15757
In base 11, what is 157 - 1?
156
In base 10, what is -5 + 178?
173
In base 2, what is -101 - 10010000?
-10010101
In base 11, what is 5 + -4?
1
In base 15, what is -1e4e - 5?
-1e54
In base 3, what is 12 - 121212?
-121200
In base 4, what is -1021 - -231?
-130
In base 9, what is -3574 - 3?
-3577
In base 3, what is 112122 + -21?
112101
In base 2, what is 101010001101 - 0?
101010001101
In base 8, what is 11 + -520?
-507
In base 10, what is 61 + 5?
66
In base 8, what is -1075 + 16?
-1057
In base 3, what is 1 - -202210?
202211
In base 5, what is -241 - 3?
-244
In base 6, what is 4 - -1014?
1022
In base 13, what is 26a + -3?
267
In base 2, what is 100010011 + -100?
100001111
In base 8, what is -32 + 0?
-32
In base 7, what is -46 + 25?
-21
In base 14, what is 1b + 4?
21
In base 6, what is -2135 - 41?
-2220
In base 2, what is 1111 + -100001011?
-11111100
In base 2, what is -10100100111 - -101?
-10100100010
In base 12, what is 248 + 76?
302
In base 14, what is 3 - 4?
-1
In base 5, what is -240 + -1?
-241
In base 4, what is 13 + 20100?
20113
In base 2, what is -1010010 + 110110?
-11100
In base 2, what is 100 - -1101111111010?
1101111111110
In base 16, what is -3b4 - -3?
-3b1
In base 3, what is 1000 + 1111?
2111
In base 15, what is 8 - 25?
-1c
In base 12, what is -75a + 2?
-758
In base 14, what is -1 - 1bd?
-1c0
In base 16, what is -76 + -5?
-7b
In base 11, what is 1 + 27?
28
In base 15, what is 27 + -26?
1
In base 7, what is -12320 - -1?
-12316
In base 14, what is 12b7 - 1?
12b6
In base 10, what is -5 + 778?
773
In base 3, what is 1021202 - -211?
1022120
In base 7, what is 3 - -5331?
5334
In base 2, what is 1010 - 1110?
-100
In base 2, what is -1011110 - 1?
-1011111
In base 13, what is 6 + 1a9?
1b2
In base 4, what is 3 - -120000?
120003
In base 9, what is -131 - -15?
-115
In base 16, what is -5a + 2?
-58
In base 3, what is -11112 - -10?
-11102
In base 7, what is -56 - -262?
203
In base 6, what is -23 + 43?
20
In base 11, what is -1997 + -5?
-19a1
In base 15, what is -4 - 73?
-77
In base 15, what is 3 + -c?
-9
In base 12, what is -1 + 3224?
3223
In base 8, what is -147 - 1?
-150
In base 11, what is 9 + 1?
a
In base 8, what is 5 - 23?
-16
In base 14, what is -5d + -73?
-d2
In base 9, what is 2 + -32?
-30
In base 12, what is 96 - 2b?
67
In base 11, what is -a0 + -66?
-156
In base 11, what is -5 + -291?
-296
In base 8, what is -1 - -24?
23
In base 3, what is -121022011 - -11?
-121022000
In base 11, what is -28 - 109?
-136
In base 11, what is -138 - -10?
-128
In base 16, what is -5 - -299?
294
In base 7, what is -4 + -120?
-124
In base 5, what is -3344 - 2?
-3401
In base 6, what is 133 + 0?
133
In base 3, what is -1220211 + 12?
-1220122
In base 2, what is 10 - -1101?
1111
In base 8, what is -63 - 17?
-102
In base 8, what is -2 - 2155?
-2157
In base 8, what is 3451 + -1?
3450
In base 3, what is -22102 - -10?
-22022
In base 13, what is 4980 + -1?
497c
In base 8, what is 363 + -4?
357
In base 12, what is -2 - -311?
30b
In base 12, what is 8 + -5b?
-53
In base 16, what is -63c2 + 2?
-63c0
In base 15, what is 4 - -432?
436
In base 11, what is 4 + -12?
-9
In base 15, what is 3 + -144?
-141
In base 5, what is 121 + 4?
130
In base 11, what is -2 - -2a?
28
In base 5, what is 2 - 124?
-122
In base 10, what is -429 + -7?
-436
In base 9, what is -55 - 51?
-116
In base 8, what is 15136 + 4?
15142
In base 11, what is 1422 + -3?
141a
In base 4, what is 2301 - -10?
2311
In base 11, what is -273 + -1?
-274
In base 2, what is 101 - 101001001?
-101000100
In bas